{"version":"1.0","provider_name":"Tressis","provider_url":"https:\/\/www.tressis.com\/ca\/","title":"Pr\u00f3rroga en las negociaciones comerciales globales","type":"rich","width":600,"height":338,"html":"<blockquote class=\"wp-embedded-content\" data-secret=\"cR9krIVdCH\"><a href=\"https:\/\/www.tressis.com\/ca\/blog\/prorroga-negociaciones-comerciales-globales\/\">Pr\u00f3rroga en las negociaciones comerciales globales<\/a><\/blockquote><iframe sandbox=\"allow-scripts\" security=\"restricted\" src=\"https:\/\/www.tressis.com\/ca\/blog\/prorroga-negociaciones-comerciales-globales\/embed\/#?secret=cR9krIVdCH\" width=\"600\" height=\"338\" title=\"&#8220;Pr\u00f3rroga en las negociaciones comerciales globales&#8221; &#8212; Tressis\" data-secret=\"cR9krIVdCH\" frameborder=\"0\" marginwidth=\"0\" marginheight=\"0\" scrolling=\"no\" class=\"wp-embedded-content\"><\/iframe><script type=\"text\/javascript\">\n\/* <![CDATA[ *\/\n\/*! This file is auto-generated *\/\n!function(d,l){\"use strict\";l.querySelector&&d.addEventListener&&\"undefined\"!=typeof URL&&(d.wp=d.wp||{},d.wp.receiveEmbedMessage||(d.wp.receiveEmbedMessage=function(e){var t=e.data;if((t||t.secret||t.message||t.value)&&!\/[^a-zA-Z0-9]\/.test(t.secret)){for(var s,r,n,a=l.querySelectorAll('iframe[data-secret=\"'+t.secret+'\"]'),o=l.querySelectorAll('blockquote[data-secret=\"'+t.secret+'\"]'),c=new RegExp(\"^https?:$\",\"i\"),i=0;i<o.length;i++)o[i].style.display=\"none\";for(i=0;i<a.length;i++)s=a[i],e.source===s.contentWindow&&(s.removeAttribute(\"style\"),\"height\"===t.message?(1e3<(r=parseInt(t.value,10))?r=1e3:~~r<200&&(r=200),s.height=r):\"link\"===t.message&&(r=new URL(s.getAttribute(\"src\")),n=new URL(t.value),c.test(n.protocol))&&n.host===r.host&&l.activeElement===s&&(d.top.location.href=t.value))}},d.addEventListener(\"message\",d.wp.receiveEmbedMessage,!1),l.addEventListener(\"DOMContentLoaded\",function(){for(var e,t,s=l.querySelectorAll(\"iframe.wp-embedded-content\"),r=0;r<s.length;r++)(t=(e=s[r]).getAttribute(\"data-secret\"))||(t=Math.random().toString(36).substring(2,12),e.src+=\"#?secret=\"+t,e.setAttribute(\"data-secret\",t)),e.contentWindow.postMessage({message:\"ready\",secret:t},\"*\")},!1)))}(window,document);\n\/\/# sourceURL=https:\/\/www.tressis.com\/wp-includes\/js\/wp-embed.min.js\n\/* ]]> *\/\n<\/script>\n","thumbnail_url":"http:\/\/test.tressis.com\/wp-content\/uploads\/2025\/07\/negociaciones-comerciales.webp","thumbnail_width":1200,"thumbnail_height":531,"description":"El viernes pasado, los mercados cotizaron sin la referencia americana, esa tan necesaria que provoca que, cuando Wall Street cierra por festivo, el resto de los parqu\u00e9s pasen el d\u00eda sin rumbo claro. Pero eso es lo habitual, porque el viernes s\u00ed hubo claras ca\u00eddas en Europa, con los \u00edndices franc\u00e9s (-0,75%) y espa\u00f1ol (-1,48%) [&hellip;]"}

Prórroga en las negociaciones comerciales globales

<blockquote class="wp-embedded-content" data-secret="cR9krIVdCH"><a href="https://www.tressis.com/ca/blog/prorroga-negociaciones-comerciales-globales/">Prórroga en las negociaciones comerciales globales</a></blockquote><iframe sandbox="allow-scripts" security="restricted" src="https://www.tressis.com/ca/blog/prorroga-negociaciones-comerciales-globales/embed/#?secret=cR9krIVdCH" width="600" height="338" title="&#8220;Prórroga en las negociaciones comerciales globales&#8221; &#8212; Tressis" data-secret="cR9krIVdCH" frameborder="0" marginwidth="0" marginheight="0" scrolling="no" class="wp-embedded-content"></iframe><script type="text/javascript">
/* <![CDATA[ */
/*! This file is auto-generated */
!function(d,l){"use strict";l.querySelector&&d.addEventListener&&"undefined"!=typeof URL&&(d.wp=d.wp||{},d.wp.receiveEmbedMessage||(d.wp.receiveEmbedMessage=function(e){var t=e.data;if((t||t.secret||t.message||t.value)&&!/[^a-zA-Z0-9]/.test(t.secret)){for(var s,r,n,a=l.querySelectorAll('iframe[data-secret="'+t.secret+'"]'),o=l.querySelectorAll('blockquote[data-secret="'+t.secret+'"]'),c=new RegExp("^https?:$","i"),i=0;i<o.length;i++)o[i].style.display="none";for(i=0;i<a.length;i++)s=a[i],e.source===s.contentWindow&&(s.removeAttribute("style"),"height"===t.message?(1e3<(r=parseInt(t.value,10))?r=1e3:~~r<200&&(r=200),s.height=r):"link"===t.message&&(r=new URL(s.getAttribute("src")),n=new URL(t.value),c.test(n.protocol))&&n.host===r.host&&l.activeElement===s&&(d.top.location.href=t.value))}},d.addEventListener("message",d.wp.receiveEmbedMessage,!1),l.addEventListener("DOMContentLoaded",function(){for(var e,t,s=l.querySelectorAll("iframe.wp-embedded-content"),r=0;r<s.length;r++)(t=(e=s[r]).getAttribute("data-secret"))||(t=Math.random().toString(36).substring(2,12),e.src+="#?secret="+t,e.setAttribute("data-secret",t)),e.contentWindow.postMessage({message:"ready",secret:t},"*")},!1)))}(window,document);
//# sourceURL=https://www.tressis.com/wp-includes/js/wp-embed.min.js
/* ]]> */
</script>

El viernes pasado, los mercados cotizaron sin la referencia americana, esa tan necesaria que provoca que, cuando Wall Street cierra por festivo, el resto de los parqués pasen el día sin rumbo claro. Pero eso es lo habitual, porque el viernes sí hubo claras caídas en Europa, con los índices francés (-0,75%) y español (-1,48%) [&hellip;]
