{"version":"1.0","provider_name":"Tressis","provider_url":"https:\/\/www.tressis.com\/ca\/","title":"Debate en el seno de la Fed","type":"rich","width":600,"height":338,"html":"<blockquote class=\"wp-embedded-content\" data-secret=\"FtJFGIMHYb\"><a href=\"https:\/\/www.tressis.com\/ca\/blog\/debate-seno-fed\/\">Debate en el seno de la Fed<\/a><\/blockquote><iframe sandbox=\"allow-scripts\" security=\"restricted\" src=\"https:\/\/www.tressis.com\/ca\/blog\/debate-seno-fed\/embed\/#?secret=FtJFGIMHYb\" width=\"600\" height=\"338\" title=\"&#8220;Debate en el seno de la Fed&#8221; &#8212; Tressis\" data-secret=\"FtJFGIMHYb\" frameborder=\"0\" marginwidth=\"0\" marginheight=\"0\" scrolling=\"no\" class=\"wp-embedded-content\"><\/iframe><script type=\"text\/javascript\">\n\/* <![CDATA[ *\/\n\/*! This file is auto-generated *\/\n!function(d,l){\"use strict\";l.querySelector&&d.addEventListener&&\"undefined\"!=typeof URL&&(d.wp=d.wp||{},d.wp.receiveEmbedMessage||(d.wp.receiveEmbedMessage=function(e){var t=e.data;if((t||t.secret||t.message||t.value)&&!\/[^a-zA-Z0-9]\/.test(t.secret)){for(var s,r,n,a=l.querySelectorAll('iframe[data-secret=\"'+t.secret+'\"]'),o=l.querySelectorAll('blockquote[data-secret=\"'+t.secret+'\"]'),c=new RegExp(\"^https?:$\",\"i\"),i=0;i<o.length;i++)o[i].style.display=\"none\";for(i=0;i<a.length;i++)s=a[i],e.source===s.contentWindow&&(s.removeAttribute(\"style\"),\"height\"===t.message?(1e3<(r=parseInt(t.value,10))?r=1e3:~~r<200&&(r=200),s.height=r):\"link\"===t.message&&(r=new URL(s.getAttribute(\"src\")),n=new URL(t.value),c.test(n.protocol))&&n.host===r.host&&l.activeElement===s&&(d.top.location.href=t.value))}},d.addEventListener(\"message\",d.wp.receiveEmbedMessage,!1),l.addEventListener(\"DOMContentLoaded\",function(){for(var e,t,s=l.querySelectorAll(\"iframe.wp-embedded-content\"),r=0;r<s.length;r++)(t=(e=s[r]).getAttribute(\"data-secret\"))||(t=Math.random().toString(36).substring(2,12),e.src+=\"#?secret=\"+t,e.setAttribute(\"data-secret\",t)),e.contentWindow.postMessage({message:\"ready\",secret:t},\"*\")},!1)))}(window,document);\n\/\/# sourceURL=https:\/\/www.tressis.com\/wp-includes\/js\/wp-embed.min.js\n\/* ]]> *\/\n<\/script>\n","thumbnail_url":"http:\/\/test.tressis.com\/wp-content\/uploads\/2025\/09\/debate-seno-reserva-federal.webp","thumbnail_width":1200,"thumbnail_height":531,"description":"Crece la divisi\u00f3n en el seno de la Reserva Federal ante el rumbo de la pol\u00edtica monetaria, como se ha podido confirmar en las \u00faltimas declaraciones de algunos de sus miembros. &nbsp; Por un lado, figuras como Stephen Miran \u2014gobernador designado por la Administraci\u00f3n Trump\u2014 abogan por recortes agresivos de tipos, alertando sobre los riesgos [&hellip;]"}

Crece la división en el seno de la Reserva Federal ante el rumbo de la política monetaria, como se ha podido confirmar en las últimas declaraciones de algunos de sus miembros. &nbsp; Por un lado, figuras como Stephen Miran —gobernador designado por la Administración Trump— abogan por recortes agresivos de tipos, alertando sobre los riesgos [&hellip;]
