{"version":"1.0","provider_name":"Tressis","provider_url":"https:\/\/www.tressis.com\/ca\/","title":"\u00bfCu\u00e1l ser\u00e1 el programa econ\u00f3mico de Joe Biden?","type":"rich","width":600,"height":338,"html":"<blockquote class=\"wp-embedded-content\" data-secret=\"snFtob0nNu\"><a href=\"https:\/\/www.tressis.com\/ca\/blog\/cual-sera-el-programa-economico-joe-biden\/\">\u00bfCu\u00e1l ser\u00e1 el programa econ\u00f3mico de Joe Biden?<\/a><\/blockquote><iframe sandbox=\"allow-scripts\" security=\"restricted\" src=\"https:\/\/www.tressis.com\/ca\/blog\/cual-sera-el-programa-economico-joe-biden\/embed\/#?secret=snFtob0nNu\" width=\"600\" height=\"338\" title=\"&#8220;\u00bfCu\u00e1l ser\u00e1 el programa econ\u00f3mico de Joe Biden?&#8221; &#8212; Tressis\" data-secret=\"snFtob0nNu\" frameborder=\"0\" marginwidth=\"0\" marginheight=\"0\" scrolling=\"no\" class=\"wp-embedded-content\"><\/iframe><script type=\"text\/javascript\">\n\/* <![CDATA[ *\/\n\/*! This file is auto-generated *\/\n!function(d,l){\"use strict\";l.querySelector&&d.addEventListener&&\"undefined\"!=typeof URL&&(d.wp=d.wp||{},d.wp.receiveEmbedMessage||(d.wp.receiveEmbedMessage=function(e){var t=e.data;if((t||t.secret||t.message||t.value)&&!\/[^a-zA-Z0-9]\/.test(t.secret)){for(var s,r,n,a=l.querySelectorAll('iframe[data-secret=\"'+t.secret+'\"]'),o=l.querySelectorAll('blockquote[data-secret=\"'+t.secret+'\"]'),c=new RegExp(\"^https?:$\",\"i\"),i=0;i<o.length;i++)o[i].style.display=\"none\";for(i=0;i<a.length;i++)s=a[i],e.source===s.contentWindow&&(s.removeAttribute(\"style\"),\"height\"===t.message?(1e3<(r=parseInt(t.value,10))?r=1e3:~~r<200&&(r=200),s.height=r):\"link\"===t.message&&(r=new URL(s.getAttribute(\"src\")),n=new URL(t.value),c.test(n.protocol))&&n.host===r.host&&l.activeElement===s&&(d.top.location.href=t.value))}},d.addEventListener(\"message\",d.wp.receiveEmbedMessage,!1),l.addEventListener(\"DOMContentLoaded\",function(){for(var e,t,s=l.querySelectorAll(\"iframe.wp-embedded-content\"),r=0;r<s.length;r++)(t=(e=s[r]).getAttribute(\"data-secret\"))||(t=Math.random().toString(36).substring(2,12),e.src+=\"#?secret=\"+t,e.setAttribute(\"data-secret\",t)),e.contentWindow.postMessage({message:\"ready\",secret:t},\"*\")},!1)))}(window,document);\n\/\/# sourceURL=https:\/\/www.tressis.com\/wp-includes\/js\/wp-embed.min.js\n\/* ]]> *\/\n<\/script>\n","thumbnail_url":"https:\/\/www.tressis.com\/wp-content\/uploads\/2021\/01\/joe-biden.jpg","thumbnail_width":1100,"thumbnail_height":487,"description":"Tras una emisi\u00f3n ayer muy sobre escrita por parte de los inversores, hoy conoceremos la opini\u00f3n de Rosengren y Bostic, miembros con derecho a voto del comit\u00e9 de mercado abierto de la Reserva Federal, mientras que ma\u00f1ana lo haremos del propio Jerome Powell. Entiendo que todos ellos tendr\u00e1n en cuenta en sus palabras lo que comunicar\u00e1, tambi\u00e9n en esta jornada, el presidente electo Joe Biden. Est\u00e1 previsto que d\u00e9 a conocer su programa econ\u00f3mico dentro del que encontraremos, previsiblemente, el importe de un nuevo paquete de est\u00edmulos fiscales."}

¿Cuál será el programa económico de Joe Biden?

<blockquote class="wp-embedded-content" data-secret="snFtob0nNu"><a href="https://www.tressis.com/ca/blog/cual-sera-el-programa-economico-joe-biden/">¿Cuál será el programa económico de Joe Biden?</a></blockquote><iframe sandbox="allow-scripts" security="restricted" src="https://www.tressis.com/ca/blog/cual-sera-el-programa-economico-joe-biden/embed/#?secret=snFtob0nNu" width="600" height="338" title="&#8220;¿Cuál será el programa económico de Joe Biden?&#8221; &#8212; Tressis" data-secret="snFtob0nNu" frameborder="0" marginwidth="0" marginheight="0" scrolling="no" class="wp-embedded-content"></iframe><script type="text/javascript">
/* <![CDATA[ */
/*! This file is auto-generated */
!function(d,l){"use strict";l.querySelector&&d.addEventListener&&"undefined"!=typeof URL&&(d.wp=d.wp||{},d.wp.receiveEmbedMessage||(d.wp.receiveEmbedMessage=function(e){var t=e.data;if((t||t.secret||t.message||t.value)&&!/[^a-zA-Z0-9]/.test(t.secret)){for(var s,r,n,a=l.querySelectorAll('iframe[data-secret="'+t.secret+'"]'),o=l.querySelectorAll('blockquote[data-secret="'+t.secret+'"]'),c=new RegExp("^https?:$","i"),i=0;i<o.length;i++)o[i].style.display="none";for(i=0;i<a.length;i++)s=a[i],e.source===s.contentWindow&&(s.removeAttribute("style"),"height"===t.message?(1e3<(r=parseInt(t.value,10))?r=1e3:~~r<200&&(r=200),s.height=r):"link"===t.message&&(r=new URL(s.getAttribute("src")),n=new URL(t.value),c.test(n.protocol))&&n.host===r.host&&l.activeElement===s&&(d.top.location.href=t.value))}},d.addEventListener("message",d.wp.receiveEmbedMessage,!1),l.addEventListener("DOMContentLoaded",function(){for(var e,t,s=l.querySelectorAll("iframe.wp-embedded-content"),r=0;r<s.length;r++)(t=(e=s[r]).getAttribute("data-secret"))||(t=Math.random().toString(36).substring(2,12),e.src+="#?secret="+t,e.setAttribute("data-secret",t)),e.contentWindow.postMessage({message:"ready",secret:t},"*")},!1)))}(window,document);
//# sourceURL=https://www.tressis.com/wp-includes/js/wp-embed.min.js
/* ]]> */
</script>

Tras una emisión ayer muy sobre escrita por parte de los inversores, hoy conoceremos la opinión de Rosengren y Bostic, miembros con derecho a voto del comité de mercado abierto de la Reserva Federal, mientras que mañana lo haremos del propio Jerome Powell. Entiendo que todos ellos tendrán en cuenta en sus palabras lo que comunicará, también en esta jornada, el presidente electo Joe Biden. Está previsto que dé a conocer su programa económico dentro del que encontraremos, previsiblemente, el importe de un nuevo paquete de estímulos fiscales.
